{"id":79,"date":"2023-10-13T12:34:18","date_gmt":"2023-10-13T12:34:18","guid":{"rendered":"https:\/\/oblicza-turystyki.wgsr.uw.edu.pl\/?page_id=79"},"modified":"2023-11-08T16:41:23","modified_gmt":"2023-11-08T16:41:23","slug":"komitet-naukowy-i-komitet-organizacyjny","status":"publish","type":"page","link":"https:\/\/oblicza-turystyki.wgsr.uw.edu.pl\/?page_id=79","title":{"rendered":"Komitet naukowy i komitet organizacyjny"},"content":{"rendered":"\n<h2 class=\"wp-block-heading\"><strong><mark style=\"background-color:rgba(0, 0, 0, 0);color:#0070c0\" class=\"has-inline-color\">Komitet naukowy i komitet organizacyjny<\/mark><\/strong><\/h2>\n\n\n\n<h3 class=\"wp-block-heading\"><strong><mark style=\"background-color:rgba(0, 0, 0, 0);color:#0070c0\" class=\"has-inline-color\">Komitet naukowy konferencji:<\/mark><\/strong><\/h3>\n\n\n\n<p>prof. dr hab. Maciej J\u0119drusik \u2013 Uniwersytet Warszawski<\/p>\n\n\n\n<p>prof. dr hab. Andrzej Kowalczyk \u2013 Uniwersytet Warszawski<\/p>\n\n\n\n<p>dr hab. Ma\u0142gorzata Durydiwka, prof. ucz. \u2013 Uniwersytet Warszawski<\/p>\n\n\n\n<p>dr hab. Iwona Ja\u017cewicz, prof. ucz. \u2013 Uniwersytet Pomorski w S\u0142upsku<\/p>\n\n\n\n<p> dr hab. Sylwia Kulczyk, prof. ucz. \u2013 Uniwersytet Warszawski<\/p>\n\n\n\n<p>dr hab. Miros\u0142aw Mika, prof. ucz. \u2013 Uniwersytet Jagiello\u0144ski w Krakowie<\/p>\n\n\n\n<p>dr hab. Agnieszka Niezgoda, prof. ucz. \u2013 Uniwersytet Ekonomiczny w Poznaniu<\/p>\n\n\n\n<p>dr hab. Teresa Skalska, prof. ucz. \u2013 Szko\u0142a G\u0142\u00f3wna Turystyki i Hotelarstwa Vistula<\/p>\n\n\n\n<p>dr hab. Krzysztof Widawski \u2013 Uniwersytet Wroc\u0142awski<\/p>\n\n\n\n<p>dr hab. Bogdan W\u0142odarczyk, prof. ucz. \u2013 Uniwersytet \u0141\u00f3dzki<\/p>\n\n\n\n<p>dr hab. Alina Zajadacz, prof. ucz.  \u2013 Uniwersytet im. Adama Mickiewicza w Poznaniu<\/p>\n\n\n\n<h3 class=\"wp-block-heading\"><strong><mark style=\"background-color:rgba(0, 0, 0, 0);color:#0070c0\" class=\"has-inline-color\">Komitet organizacyjny:<\/mark><\/strong><\/h3>\n\n\n\n<p>dr hab. Ma\u0142gorzata Durydiwka, prof. ucz. (przewodnicz\u0105ca)<\/p>\n\n\n\n<p>dr hab. Marta Derek<\/p>\n\n\n\n<p>dr Katarzyna Duda-Gromada (sekretarz)<\/p>\n\n\n\n<p>dr Aleksandra Korpysz-Wi\u015bniewska (sekretarz)<\/p>\n\n\n\n<p>mgr Marta Jankowska <\/p>\n\n\n\n<p>lic. Weronika Ko\u015blacz<\/p>\n\n\n\n<p>mgr Ivan Rogovoy<\/p>\n","protected":false},"excerpt":{"rendered":"<p>Komitet naukowy i komitet organizacyjny Komitet naukowy konferencji: prof. dr hab. Maciej J\u0119drusik \u2013 Uniwersytet Warszawski prof. dr hab. Andrzej Kowalczyk \u2013 [&hellip;]<\/p>\n","protected":false},"author":3,"featured_media":0,"parent":0,"menu_order":0,"comment_status":"closed","ping_status":"closed","template":"","meta":{"footnotes":""},"class_list":["post-79","page","type-page","status-publish","hentry","post"],"_links":{"self":[{"href":"https:\/\/oblicza-turystyki.wgsr.uw.edu.pl\/index.php?rest_route=\/wp\/v2\/pages\/79","targetHints":{"allow":["GET"]}}],"collection":[{"href":"https:\/\/oblicza-turystyki.wgsr.uw.edu.pl\/index.php?rest_route=\/wp\/v2\/pages"}],"about":[{"href":"https:\/\/oblicza-turystyki.wgsr.uw.edu.pl\/index.php?rest_route=\/wp\/v2\/types\/page"}],"author":[{"embeddable":true,"href":"https:\/\/oblicza-turystyki.wgsr.uw.edu.pl\/index.php?rest_route=\/wp\/v2\/users\/3"}],"replies":[{"embeddable":true,"href":"https:\/\/oblicza-turystyki.wgsr.uw.edu.pl\/index.php?rest_route=%2Fwp%2Fv2%2Fcomments&post=79"}],"version-history":[{"count":7,"href":"https:\/\/oblicza-turystyki.wgsr.uw.edu.pl\/index.php?rest_route=\/wp\/v2\/pages\/79\/revisions"}],"predecessor-version":[{"id":192,"href":"https:\/\/oblicza-turystyki.wgsr.uw.edu.pl\/index.php?rest_route=\/wp\/v2\/pages\/79\/revisions\/192"}],"wp:attachment":[{"href":"https:\/\/oblicza-turystyki.wgsr.uw.edu.pl\/index.php?rest_route=%2Fwp%2Fv2%2Fmedia&parent=79"}],"curies":[{"name":"wp","href":"https:\/\/api.w.org\/{rel}","templated":true}]}}