{"id":85,"date":"2023-10-13T12:35:42","date_gmt":"2023-10-13T12:35:42","guid":{"rendered":"https:\/\/oblicza-turystyki.wgsr.uw.edu.pl\/?page_id=85"},"modified":"2024-04-15T18:46:28","modified_gmt":"2024-04-15T18:46:28","slug":"program-konferencji","status":"publish","type":"page","link":"https:\/\/oblicza-turystyki.wgsr.uw.edu.pl\/?page_id=85","title":{"rendered":"Program konferencji"},"content":{"rendered":"\n<h2 class=\"wp-block-heading has-text-align-center\"><strong>Konferencja naukowa<\/strong><\/h2>\n\n\n\n<p class=\"has-text-align-center\"><strong>\u201eOblicza wsp\u00f3\u0142czesnej turystyki. Wyzwania badawcze\u201d<\/strong><\/p>\n\n\n\n<p class=\"has-text-align-center\">Warszawa, 18\u201319.04.2024r.<\/p>\n\n\n\n<p><strong><u>CZWARTEK 18.04.2024<\/u><\/strong><\/p>\n\n\n\n<p>ul. Dobra 55 (gmach wydzia\u0142\u00f3w Lingwistyki Stosowanej i Neofilologii)<\/p>\n\n\n\n<p><strong>9:30\u201310:00 <\/strong>\u2013 Rejestracja, powitalna kawa (przed Aul\u0105 Multimedialn\u0105 \u2013 parter, wej\u015bcie od ul. Browarnej)<\/p>\n\n\n\n<p><strong>10:00\u201312:00<\/strong> \u2013 Otwarcie konferencji \u2013 <strong>prof. dr hab. Maciej J\u0119drusik<\/strong>, Dziekan Wydzia\u0142u Geografii i Studi\u00f3w Regionalnych UW<\/p>\n\n\n\n<p>Sesja jubileuszowa (Aula Multimedialna 0.410) \u2013 prowadz\u0105ca: <strong>dr hab. Ma\u0142gorzata Durydiwka, prof. ucz.<\/strong><\/p>\n\n\n\n<p><strong>12:00\u201314:15<\/strong> \u2013 Sesja plenarna (Aula Multimedialna 0.410) \u2013 prowadz\u0105cy: <strong>dr hab. Miros\u0142aw Mika, prof. UJ<\/strong><\/p>\n\n\n\n<ul class=\"wp-block-list\">\n<li><strong>prof. dr hab. Andrzej Kowalczyk<\/strong> (Uniwersytet Warszawki) \u2013 <em>Turystyka jako czynnik wspierania spo\u0142eczno\u015bci lokalnych. Przyk\u0142ad Namibii<\/em><\/li>\n\n\n\n<li><strong>dr hab. Czes\u0142aw Adamiak<\/strong> (Uniwersytet Miko\u0142aja Kopernika w Toruniu) \u2013 <em>Podatno\u015b\u0107 \u015bwiatowych destynacji turystycznych na skutki zmian klimatu<\/em><\/li>\n\n\n\n<li><strong>dr Joanna Kowalczyk\u2013Anio\u0142<\/strong> (Uniwersytet \u0141\u00f3dzki), <strong>dr Robert Pawlusi\u0144ski<\/strong> (Uniwersytet Jagiello\u0144ski) \u2013 <em>Wyzwania w badaniach wsp\u00f3\u0142czesnej turystyki miejskiej<\/em><\/li>\n\n\n\n<li><strong>dr Ji\u0159\u00ed V\u00e1gner<\/strong>, <strong>dr Dana Fialov\u00e1<\/strong> (Uniwersytet Karola w Pradze) \u2013 <em>Different Faces of Tourist River Landscapes. <\/em><em>The Vltava River, Czechia<\/em><\/li>\n<\/ul>\n\n\n\n<p><strong>14:15\u201315:00<\/strong> \u2013 Lunch (Dziedziniec Australijski)<\/p>\n\n\n\n<p><strong>15:00\u201317:00<\/strong> \u2013 Sesje tematyczne<\/p>\n\n\n\n<figure class=\"wp-block-table\"><table><tbody><tr><td><strong>Sesja A <\/strong>(sala 1.128)<\/td><td><strong>Sesja B <\/strong>(sala 1.132)<\/td><td><strong>Sesja C <\/strong>(sala 1.138)<\/td><\/tr><tr><td>Prowadz\u0105ca: <strong>dr Katarzyna Duda\u2013Gromada<\/strong><\/td><td>Prowadz\u0105cy: <strong>dr hab. Krzysztof Widawski<\/strong><\/td><td>Prowadz\u0105ca: <strong>dr Bernadetta Zawili\u0144ska<\/strong><\/td><\/tr><tr><td><strong>dr Piotr Kociszewski<\/strong> (Uniwersytet Warszawki) <em>Blue tourism \u2013 idea, wyzwania, przyk\u0142ady<\/em> &nbsp; <strong>mgr Arkadiusz Ciupek, dr Krzysztof Parzych<\/strong> (Uniwersytet Pomorski w S\u0142upsku) <em>Uwarunkowania rozmieszczenia bazy hotelarskiej<\/em> <em>w przestrzeni miejskiej Gda\u0144ska<\/em> &nbsp; <strong>mgr Tomasz Grzyb<\/strong> (Uniwersytet Warszawski) <em>Krajobraz nadrzeczny w promocji turystycznej Warszawy: przyroda ma znaczenie?<\/em> &nbsp; <strong>dr Ada G\u00f3rna<\/strong> (Uniwersytet Warszawski) <em>Wykorzystanie turystyczne rolnictwa miejskiego \u2013 w&nbsp;kierunku wielofunkcyjno\u015bci<\/em> &nbsp; <strong>dr Damian Werczy\u0144ski <\/strong>(Uniwersytet Wroc\u0142awski) <em>Stanowiska archeologiczne w Dolinie Baryczy jako&nbsp;potencjalne walory turystyczne poszerzaj\u0105ce ofert\u0119 turystyczn\u0105 regionu<\/em> &nbsp;<\/td><td><strong>dr Aneta Paw\u0142owska\u2013Legwand <\/strong>(Uniwersytet Jagiello\u0144ski) <em>Dlaczego przestajemy wierzy\u0107 influencerom? Wiarygodno\u015b\u0107 i zaufanie do tre\u015bci z medi\u00f3w spo\u0142eczno\u015bciowych a do\u015bwiadczenie turystyczne<\/em> &nbsp; <strong>mgr Ivan Rogovoy<\/strong>,<strong> dr Aleksandra Korpysz\u2013Wi\u015bniewska<\/strong>, <strong>dr hab. Ma\u0142gorzata Durydiwka prof. ucz. <\/strong>(Uniwersytet Warszawski) <em>Murale now\u0105 atrakcj\u0105 turystyczn\u0105 Warszawy? Refleksje na podstawie oficjalnych materia\u0142\u00f3w promocyjnych oraz blog\u00f3w<\/em> <em>&nbsp;<\/em> <strong>lic. Weronika Ko\u015blacz<\/strong> (Uniwersytet Warszawski) <em>Zwiedzanie Rzymu \u015bladami Dana Browna, czyli nowoczesna forma turystyki literackiej<\/em> &nbsp; <strong>dr hab. Bogdan W\u0142odarczyk prof. U\u0141<\/strong>,<strong> dr hab. Jolanta Wojciechowska, prof. U\u0141,<\/strong> <strong>dr Marzena Makowska\u2013Iskierka<\/strong>, <strong>dr Jolanta Latosi\u0144ska<\/strong>, <strong>dr&nbsp;Beata Krakowiak<\/strong>, <strong>dr Micha\u0142 Duda <\/strong>(Uniwersytet \u0141\u00f3dzki) <em>Zr\u00f3wnowa\u017cona turystyka kulturowa \u2013 przyk\u0142ad Spycimierza<\/em> &nbsp; <strong>dr hab. El\u017cbieta Bilska\u2013Wodecka<\/strong>, <strong>dr hab. Izabela So\u0142jan prof. UJ<\/strong>, <strong>dr Justyna Liro<\/strong> (Uniwersytet Jagiello\u0144ski) <em>Funkcjonowanie polskich sanktuari\u00f3w oraz pielgrzymki w czasie i po pandemii COVID\u201319<\/em><\/td><td><strong>mgr Ma\u0142gorzata Szymiczek <\/strong>(Uniwersytet \u015al\u0105ski) <em>Fuerteventura w uj\u0119ciu Butlera. Ewolucja turystyki na&nbsp;Wyspach Kanaryjskich<\/em> &nbsp; <strong>dr hab. Sylwia Kulczyk, prof. ucz.<\/strong> (Uniwersytet Warszawski) <em>Peryferyjno\u015b\u0107 \u2013 bariera czy atrakcja dla turystyki? Przyk\u0142ad kolumbijskiego wybrze\u017ca Pacyfiku<\/em> &nbsp; <strong>dr Magdalena Kugiejko <\/strong>(Uniwersytet im. Adama Mickiewicza w Poznaniu) <em>Do\u015bwiadczanie w spos\u00f3b zr\u00f3wnowa\u017cony \u2013 turystyka na Spitsbergenie<\/em> &nbsp; <strong>mgr Aleksandra Zawadka<\/strong> (Uniwersytet Warszawski) <em>Sektor turystyczny i gospodarka senioralna w&nbsp;Japonii \u201ehyper aged\u201d<\/em> <em>&nbsp;<\/em> <strong>dr hab. El\u017cbieta Zuza\u0144ska\u2013\u017by\u015bko, prof. U\u015a <\/strong>(Uniwersytet \u015al\u0105ski)<strong>&nbsp;<\/strong> <em>Nowatorskie projekty metropolitalne jako atrakcje turystyczne. Przyk\u0142ad Nowego Jorku<\/em> &nbsp;<\/td><\/tr><\/tbody><\/table><\/figure>\n\n\n\n<p><strong>19:00\u201322:00<\/strong> \u2013 Kolacja \u2013 Restauracja MEZE, ul. Wilcza 46 (wej\u015bcie od ul. Pozna\u0144skiej)<\/p>\n\n\n\n<p><strong><u>PI\u0104TEK 19.04.2024<\/u><\/strong><\/p>\n\n\n\n<p>ul. Krakowskie Przedmie\u015bcie 30 (gmach Wydzia\u0142u Geografii i Studi\u00f3w Regionalnych)<\/p>\n\n\n\n<p><strong>9:30\u201310:00<\/strong> \u2013 Powitalna kawa (przed aul\u0105 102, 1. pi\u0119tro)<\/p>\n\n\n\n<p><strong>10:00\u201311:45<\/strong> \u2013 Sesje tematyczne<\/p>\n\n\n\n<figure class=\"wp-block-table\"><table><tbody><tr><td><strong>Sesja D <\/strong>(sala 107)<\/td><td><strong>Sesja E <\/strong>(sala 111)<\/td><td><strong>Sesja F<\/strong> (sala 108)<\/td><\/tr><tr><td>Prowadz\u0105cy: <strong>dr Robert Pawlusi\u0144ski<\/strong><\/td><td>Prowadz\u0105ca: <strong>dr hab. Agnieszka Niezgoda, prof. UEP<\/strong><\/td><td>Prowadz\u0105ca: <strong>dr hab. Alina Zajadacz, prof. UAM<\/strong><\/td><\/tr><tr><td><strong>dr Magdalena Kubal\u2013Czerwi\u0144ska,<\/strong> <strong>dr hab. Miros\u0142aw Mika prof. UJ<\/strong> (Uniwersytet Jagiello\u0144ski) <em>\u201eZ pokolenia na pokolenie\u201d \u2013 problematyka sukcesji w&nbsp;firmach rodzinnych prowadz\u0105cych obiekty noclegowe w&nbsp;polskich Karpatach<\/em> &nbsp; <strong>dr Beata Gierczak\u2013Korzeniowska<\/strong> (Uniwersytet Rzeszowski),<strong> dr Krzysztof Szpara<\/strong> (Uniwersytet Marii Curie\u2013Sk\u0142odowskiej w Lublinie) <em>Mo\u017cliwo\u015bci rewitalizacji G\u0142\u00f3wnego Szlaku Beskidzkiego w&nbsp;kontek\u015bcie rozwoju potencja\u0142u turystyczno\u2013gospodarczego wojew\u00f3dztwa podkarpackiego<\/em> &nbsp; <strong>dr Kinga Krzesiwo<\/strong> (Uniwersytet Komisji Edukacji Narodowej w Krakowie) <em>Modele rozwoju o\u015brodk\u00f3w narciarskich w Polsce \u2013 wprowadzenie do zagadnienia<\/em> &nbsp; <strong>dr \u0141ukasz Quirini\u2013Pop\u0142awski,<\/strong> <strong>dr hab. Marek Wi\u0119ckowski, prof. IGiPZ <\/strong>(Polska Akademia Nauk)<strong>, dr&nbsp;Marcin Semczuk <\/strong>(Uniwersytet Ekonomiczny w&nbsp;Krakowie)<strong>, lic. Anna G\u00f3rska<\/strong> (Uniwersytet Komisji Edukacji Narodowej w Krakowie), <strong>lic.<\/strong> <strong>Kinga Toporkiewicz <\/strong>(Uniwersytet Ekonomiczny w&nbsp;Krakowie) <em>Rola GIS w monitoringu zmian w zagospodarowaniu turystycznym. Lekcje po pandemii z wybranych g\u00f3rskich uzdrowisk w Polsce<\/em><\/td><td><strong>dr Joanna Omieciuch <\/strong>(Uniwersytet w&nbsp;Siedlcach) <em>Pielgrzymowanie na Jasn\u0105 G\u00f3r\u0119 na przyk\u0142adzie pielgrzymki konnej z Zar\u0105b Ko\u015bcielnych w&nbsp;latach 2000\u20132024<\/em> &nbsp; <strong>dr Robert Faracik<\/strong> (Uniwersytet Komisji Edukacji Narodowej w Krakowie) <em>Habani i herrnhuci \u2013 dziedzictwo (historycznych) mniejszo\u015bci religijnych na&nbsp;Morawach i \u015al\u0105sku. Implikacje dla turystyki<\/em> &nbsp; <strong>dr hab. Marta Derek<\/strong> (Uniwersytet Warszawski) <em>O powi\u0105zaniach mi\u0119dzy lokalnym dziedzictwem kulinarnym a turystyk\u0105 zr\u00f3wnowa\u017con\u0105<\/em> &nbsp; <strong>dr Renata Krukowska<\/strong> (Uniwersytet Marii Curie\u2013Sk\u0142odowskiej w Lublinie) <em>Funkcjonowanie winnic jako przejaw \u201eneolocalizmu\u201d w turystyce<\/em> &nbsp;<\/td><td><strong>dr Tomas Burda,<\/strong> <strong>dr<\/strong> <strong>Veronika \u017didova, dr Libor Ln\u011bni\u010dka<\/strong>, (Uniwersytet Hradec Kralove) <em>The impact of the covid\u201319 pandemic on<\/em><em>&nbsp;<\/em><em>the<\/em><em>&nbsp;<\/em><em>attendance of UNESCO monuments in&nbsp;the&nbsp;Czech Republic through the eyes of visitors<\/em> &nbsp; <strong>dr hab. Krzysztof Widawski <\/strong>(Uniwersytet Wroc\u0142awski) <em>Agro\u2013break \u2013 covidova moda czy trwa\u0142a tendencja?<\/em> &nbsp; <strong>dr hab. Katarzyna Podhorodecka<\/strong> (Uniwersytet Warszawski) <em>Wp\u0142yw pandemii COVID\u201319 na tempo rozwoju sektora turystycznego na Wyspach Mikronezji<\/em> &nbsp; <strong>mgr Katarzyna \u0141ojek<\/strong> (Uniwersytet Warszawski) <em>Urbex jako niszowa forma zwiedzania miasta. Przyk\u0142ad Warszawy<\/em> &nbsp;<\/td><\/tr><\/tbody><\/table><\/figure>\n\n\n\n<p><strong>11:45\u201312:15<\/strong> \u2013 Przerwa kawowa oraz sesja posterowa<\/p>\n\n\n\n<ul class=\"wp-block-list\">\n<li><strong>dr hab. Iwona Ja\u017cewicz, prof. UP,<\/strong> <strong>lic. Natalia Grzegorczyk<\/strong> (Uniwersytet Pomorski w S\u0142upsku) \u2013 <em>Turystyka offroadowa na Pomorzu \u2013 szanse i wyzwania<\/em><\/li>\n\n\n\n<li><strong>dr hab. in\u017c. Krzysztof Kupren, prof. UWM<\/strong>, <strong>dr in\u017c. Anna Haku\u0107\u2013B\u0142a\u017cowska<\/strong>, <strong>mgr<\/strong> <strong>Oskar Butkiewicz<\/strong> (Uniwersytet Warmi\u0144sko\u2013Mazurski w Olsztynie) \u2013 <em>Uwarunkowania, tendencje rozwoju i wymiar spo\u0142eczny urban exploration w Polsce<\/em><\/li>\n\n\n\n<li><strong>prof. Ma\u0142gorzata Jankun-Wo\u017anicka, dr Aneta Omelan, mgr Alicja Pietraszkiewicz, dr hab. Gra\u017cyna Furga\u0142a-Selezniow, prof. UWM<\/strong> (Uniwersytet Warmi\u0144sko\u2013Mazurski w Olsztynie) \u2013 <em>Funkcja turystyczna wsi Pojezierza Mazurskiego<\/em><\/li>\n<\/ul>\n\n\n\n<p><strong>12:15\u201313:45 <\/strong>\u2013 Sesje tematyczne<\/p>\n\n\n\n<figure class=\"wp-block-table\"><table><tbody><tr><td><strong>Sesja G <\/strong>(sala 107)<\/td><td><strong>Sesja H <\/strong>(sala 108)<\/td><td><strong>Sesja I <\/strong>(sala 111)<\/td><\/tr><tr><td>Prowadz\u0105ca: <strong>dr hab. Marta Derek<\/strong><\/td><td>Prowadz\u0105ca: <strong>dr hab. in\u017c. Gra\u017cyna Furga\u0142a\u2013Selezniow, prof. UWM<\/strong><\/td><td>Prowadz\u0105ca: <strong>dr hab. Sylwia Kulczyk, prof. ucz.<\/strong><\/td><\/tr><tr><td><strong>dr Robert Pawlusi\u0144ski <\/strong>(Uniwersytet Jagiello\u0144ski) <em>Parki narodowe a turystyka: aspekty ekonomiczne<\/em> &nbsp; <strong>dr Bernadetta Zawili\u0144ska <\/strong>(Uniwersytet Ekonomiczny w Krakowie) <em>Ekonomiczne znaczenie przyjazd\u00f3w turyst\u00f3w do&nbsp;parku narodowego. Studium z Tatr<\/em> &nbsp; <strong>dr Joanna Hibner<\/strong> (Uniwersytet Jagiello\u0144ski) <em>Monitoring ruchu turystycznego jako narz\u0119dzie ochrony przyrody i kreowania do\u015bwiadcze\u0144 turystycznych na obszarach chronionych \u2013 rezultaty projektu VIMOMA<\/em> &nbsp; <strong>dr \u0141ukasz Zbucki <\/strong>(Akademia Bialska im.&nbsp;Jana&nbsp;Paw\u0142a&nbsp;II) <em>Wykorzystanie biernego pozycjonowania w czasie telefon\u00f3w kom\u00f3rkowych w monitoringu ruchu turystycznego na terenie polskich park\u00f3w narodowych<\/em> &nbsp; &nbsp;<\/td><td><strong>dr hab. Alina Zajadacz prof. UAM<\/strong>, <strong>dr in\u017c.<\/strong> <strong>\u0141ukasz Halik <\/strong>(Uniwersytet im. Adama Mickiewicza w&nbsp;Poznaniu)<strong>, dr Matylda Siwek <\/strong>(Uniwersytet Komisji Edukacji Narodowej w Krakowie),<strong> mgr&nbsp;Pawe\u0142 Sowa<\/strong> (Uniwersytet im. Adama Mickiewicza w&nbsp;Poznaniu) <em>Turystyka dost\u0119pna: perspektywa strony popytowej<\/em> &nbsp; <strong>dr hab. Agnieszka Niezgoda, prof. UEP<\/strong><em> <\/em>(Uniwersytet Ekonomiczny w Poznaniu) <em>Konsumpcja zr\u00f3wnowa\u017cona w czasie wyjazdu turystycznego \u2013 por\u00f3wnanie postaw przedstawicieli r\u00f3\u017cnych grup wiekowych<\/em> <strong>&nbsp;<\/strong> <strong>mgr Pawe\u0142 Sowa, dr hab. Alina Zajadacz prof. UAM<\/strong>, <strong>dr in\u017c.<\/strong> <strong>\u0141ukasz Halik <\/strong>(Uniwersytet im. Adama Mickiewicza w Poznaniu)<strong>, dr Matylda Siwek <\/strong>(Uniwersytet Komisji Edukacji Narodowej w&nbsp;Krakowie), <em>Turystyka dost\u0119pna \u2013 problemy os\u00f3b z&nbsp;niepe\u0142nosprawno\u015bciami zwi\u0105zane z podr\u00f3\u017c\u0105<\/em> &nbsp; <strong>dr hab. Leszek Butowski<\/strong> (Uniwersytet \u0141\u00f3dzki) <em>Ontologia dziedziny empirycznej turystyki (geografii turyzmu): Perspektywa antropocentryczna J. Searle\u2019a versus uj\u0119cie posthumanistyczne<\/em><\/td><td><strong>mgr in\u017c. Justyna K\u0119pska<\/strong> (Uniwersytet Jagiello\u0144ski) <em>Profil polskiego turysty safari w perspektywie krajowych biur podr\u00f3\u017cy<\/em> &nbsp; <strong>mgr Tomasz K\u0119pski <\/strong>(Uniwersytet Jagiello\u0144ski) <em>Modele turystyki safari w Afryce Wschodniej na&nbsp;przyk\u0142adzie Kenii<\/em> &nbsp; <strong>dr Krzysztof G\u00f3rny<\/strong> (Uniwersytet Warszawski) <em>Polscy trawelebryci w Afryce. Kim s\u0105, co robi\u0105 i&nbsp;czy&nbsp;znaj\u0105 si\u0119 na geografii?<\/em> &nbsp; <strong>mgr Sonia Uribe<\/strong> (Uniwersytet Warszawski) <em>Contemporary tourism and Cultural Heritage: A&nbsp;Case Study of Salento, Colombia<\/em> &nbsp;<\/td><\/tr><\/tbody><\/table><\/figure>\n\n\n\n<p><strong>13:45\u201314:45<\/strong> \u2013 Sesja podsumowuj\u0105ca i zako\u0144czenie konferencji \u2013 prowadz\u0105ca: <strong>dr hab. Ma\u0142gorzata Durydiwka, prof. ucz.<\/strong><\/p>\n\n\n\n<p><strong>14:45<\/strong> \u2013 Lunch<\/p>\n\n\n\n<h2 class=\"wp-block-heading\"><a href=\"https:\/\/oblicza-turystyki.wgsr.uw.edu.pl\/wp-content\/uploads\/2024\/04\/Program-konferencji-15.04.pdf\" data-type=\"attachment\" data-id=\"212\">Pobierz program konferencji<\/a><\/h2>\n","protected":false},"excerpt":{"rendered":"<p>Konferencja naukowa \u201eOblicza wsp\u00f3\u0142czesnej turystyki. Wyzwania badawcze\u201d Warszawa, 18\u201319.04.2024r. CZWARTEK 18.04.2024 ul. Dobra 55 (gmach wydzia\u0142\u00f3w Lingwistyki Stosowanej i Neofilologii) 9:30\u201310:00 \u2013 [&hellip;]<\/p>\n","protected":false},"author":3,"featured_media":0,"parent":0,"menu_order":0,"comment_status":"closed","ping_status":"closed","template":"","meta":{"footnotes":""},"class_list":["post-85","page","type-page","status-publish","hentry","post"],"_links":{"self":[{"href":"https:\/\/oblicza-turystyki.wgsr.uw.edu.pl\/index.php?rest_route=\/wp\/v2\/pages\/85","targetHints":{"allow":["GET"]}}],"collection":[{"href":"https:\/\/oblicza-turystyki.wgsr.uw.edu.pl\/index.php?rest_route=\/wp\/v2\/pages"}],"about":[{"href":"https:\/\/oblicza-turystyki.wgsr.uw.edu.pl\/index.php?rest_route=\/wp\/v2\/types\/page"}],"author":[{"embeddable":true,"href":"https:\/\/oblicza-turystyki.wgsr.uw.edu.pl\/index.php?rest_route=\/wp\/v2\/users\/3"}],"replies":[{"embeddable":true,"href":"https:\/\/oblicza-turystyki.wgsr.uw.edu.pl\/index.php?rest_route=%2Fwp%2Fv2%2Fcomments&post=85"}],"version-history":[{"count":18,"href":"https:\/\/oblicza-turystyki.wgsr.uw.edu.pl\/index.php?rest_route=\/wp\/v2\/pages\/85\/revisions"}],"predecessor-version":[{"id":243,"href":"https:\/\/oblicza-turystyki.wgsr.uw.edu.pl\/index.php?rest_route=\/wp\/v2\/pages\/85\/revisions\/243"}],"wp:attachment":[{"href":"https:\/\/oblicza-turystyki.wgsr.uw.edu.pl\/index.php?rest_route=%2Fwp%2Fv2%2Fmedia&parent=85"}],"curies":[{"name":"wp","href":"https:\/\/api.w.org\/{rel}","templated":true}]}}