{"id":94,"date":"2023-10-16T09:29:15","date_gmt":"2023-10-16T09:29:15","guid":{"rendered":"https:\/\/oblicza-turystyki.wgsr.uw.edu.pl\/?page_id=94"},"modified":"2023-12-20T15:12:53","modified_gmt":"2023-12-20T15:12:53","slug":"zgloszenia","status":"publish","type":"page","link":"https:\/\/oblicza-turystyki.wgsr.uw.edu.pl\/?page_id=94","title":{"rendered":"Zg\u0142oszenia"},"content":{"rendered":"\n<h2 class=\"wp-block-heading\"><strong><mark style=\"background-color:rgba(0, 0, 0, 0);color:#0070c0\" class=\"has-inline-color\">Zg\u0142oszenia<\/mark><\/strong><\/h2>\n\n\n\n<p>Udzia\u0142 w konferencji mo\u017cna zg\u0142asza\u0107 od 10 listopada 2023 r. do 20 stycznia 2024 r. poprzez elektroniczny formularz zg\u0142oszeniowy, do kt\u00f3rego link jest dost\u0119pny poni\u017cej:<\/p>\n\n\n\n<h3 class=\"wp-block-heading\"><strong><mark style=\"background-color:rgba(0, 0, 0, 0);color:#0070c0\" class=\"has-inline-color\"><a href=\"https:\/\/docs.google.com\/forms\/d\/e\/1FAIpQLSdmzjc9k15O0u5Qe4Xr_FuG_g9Lfi4OHGbR6yjCtn0UEZEhZQ\/viewform?usp=sf_link\" data-type=\"link\" data-id=\"https:\/\/docs.google.com\/forms\/d\/e\/1FAIpQLSdmzjc9k15O0u5Qe4Xr_FuG_g9Lfi4OHGbR6yjCtn0UEZEhZQ\/viewform?usp=sf_link\">Link do formularza<\/a><\/mark><\/strong><\/h3>\n\n\n\n<p>Po przes\u0142aniu formularza wy\u015bwietli si\u0119 komunikat potwierdzaj\u0105cy. W&nbsp;przypadku braku komunikatu potwierdzaj\u0105cego prosimy o kontakt z Sekretariatem konferencji.<\/p>\n\n\n\n<p>Komitet organizacyjny zastrzega sobie prawo wyboru zg\u0142osze\u0144 za rekomendacj\u0105 Komitetu naukowego.<\/p>\n\n\n\n<h3 class=\"wp-block-heading\"><strong><mark style=\"background-color:rgba(0, 0, 0, 0);color:#0070c0\" class=\"has-inline-color\">Koszt udzia\u0142u<\/mark><\/strong><\/h3>\n\n\n\n<p>Op\u0142ata konferencyjna obejmuje udzia\u0142 w sesjach konferencyjnych, materia\u0142y konferencyjne, pocz\u0119stunek podczas przerw kawowych i lunchu, udzia\u0142 w uroczystej kolacji oraz mo\u017cliwo\u015b\u0107 opublikowania artyku\u0142\u00f3w w czasopismach <em>Prace i Studia Geograficzne lub Prace Geograficzne (UJ)<\/em>.<\/p>\n\n\n\n<p>Op\u0142ata konferencyjna wynosi 850 PLN dla pracownik\u00f3w instytucji naukowo-badawczych i akademickich oraz 450 PLN dla student\u00f3w i doktorant\u00f3w.<\/p>\n\n\n\n<p>Op\u0142ata konferencyjna powinna by\u0107 wniesiona na konto Wydzia\u0142u Geografii i Studi\u00f3w Regionalnych UW: <\/p>\n\n\n\n<p> <strong>27 1160 2202 0000 0000 6084 9388<\/strong><\/p>\n\n\n\n<p>W tytule przelewu prosz\u0119 poda\u0107: Imi\u0119_Nazwisko_OKN_Turystyka<\/p>\n","protected":false},"excerpt":{"rendered":"<p>Zg\u0142oszenia Udzia\u0142 w konferencji mo\u017cna zg\u0142asza\u0107 od 10 listopada 2023 r. do 20 stycznia 2024 r. poprzez elektroniczny formularz zg\u0142oszeniowy, do kt\u00f3rego [&hellip;]<\/p>\n","protected":false},"author":3,"featured_media":0,"parent":0,"menu_order":0,"comment_status":"closed","ping_status":"closed","template":"","meta":{"footnotes":""},"class_list":["post-94","page","type-page","status-publish","hentry","post"],"_links":{"self":[{"href":"https:\/\/oblicza-turystyki.wgsr.uw.edu.pl\/index.php?rest_route=\/wp\/v2\/pages\/94","targetHints":{"allow":["GET"]}}],"collection":[{"href":"https:\/\/oblicza-turystyki.wgsr.uw.edu.pl\/index.php?rest_route=\/wp\/v2\/pages"}],"about":[{"href":"https:\/\/oblicza-turystyki.wgsr.uw.edu.pl\/index.php?rest_route=\/wp\/v2\/types\/page"}],"author":[{"embeddable":true,"href":"https:\/\/oblicza-turystyki.wgsr.uw.edu.pl\/index.php?rest_route=\/wp\/v2\/users\/3"}],"replies":[{"embeddable":true,"href":"https:\/\/oblicza-turystyki.wgsr.uw.edu.pl\/index.php?rest_route=%2Fwp%2Fv2%2Fcomments&post=94"}],"version-history":[{"count":14,"href":"https:\/\/oblicza-turystyki.wgsr.uw.edu.pl\/index.php?rest_route=\/wp\/v2\/pages\/94\/revisions"}],"predecessor-version":[{"id":204,"href":"https:\/\/oblicza-turystyki.wgsr.uw.edu.pl\/index.php?rest_route=\/wp\/v2\/pages\/94\/revisions\/204"}],"wp:attachment":[{"href":"https:\/\/oblicza-turystyki.wgsr.uw.edu.pl\/index.php?rest_route=%2Fwp%2Fv2%2Fmedia&parent=94"}],"curies":[{"name":"wp","href":"https:\/\/api.w.org\/{rel}","templated":true}]}}